ppose 2*s + g*a = -2*a + 4, 5*s - 46 = 2*a. Let h = s + -6. What is the units digit of h?
2
Let n(f) = f - 2. Let l be n(2). Suppose l = -2*m + 3*m - 20. What is the tens digit of m?
2
Suppose -9 - 81 = -3*y. What is the tens digit of (5/3)/(2/y)?
2
Let n = -154 - -432. What is the tens digit of n?
7
Let d = -10 - -18. Suppose -2*c - d = -2*w, -2*w - 9 - 1 = 4*c. Let y = w + 7. What is the units digit of y?
8
Let z = 382 - 236. What is the units digit of z?
6
Let u be 22/(-11) - (-45 + 1). What is the units digit of u + 1 + 3 + -6?
0
Suppose -465 = -8*o + 391. What is the units digit of o?
7
Let p = 8 + -4. Suppose 2*o = -0*o + 2*r - 4, p*r = 2*o + 8. Suppose -2*v + 20 = -4*y, 0*v + v + 3*y + 5 = o. What is the units digit of v?
4
Let v(b) = b**2 - 2*b + 3. What is the units digit of v(7)?
8
Let r(a) = -a - 13. Let i be r(-4). What is the units digit of (-79)/(-3) + (-6)/i?
7
Suppose -2*s = -0*s - 50. What is the units digit of s?
5
Suppose -5*x - 18 = 4*j, -4*j - 14 = -j + 4*x. What is the units digit of 3 - (1 + j) - -3?
7
Let z(a) = 5*a**2 - 7*a - 6. What is the units digit of z(6)?
2
Let v = 6 + 16. Suppose 0 = -3*u + v - 1. Let s = -4 + u. What is the units digit of s?
3
Let i = 0 + 22. What is the tens digit of i?
2
Suppose 4*f + 324 - 120 = 4*o, o - 4*f - 36 = 0. What is the units digit of (-4)/(-2*4/o)?
8
Let v(j) be the first derivative of 3*j**2/2 - 5*j + 3. What is the tens digit of v(9)?
2
Let r be -20*(3 + 18/(-4)). Suppose 0 = 4*q + 4*o - 104, -q - o + r = o. What is the units digit of q?
2
Suppose -5*i + 70 - 25 = 0. Let y(p) = p**2 - 9*p + 3. What is the units digit of y(i)?
3
Suppose -572 = -5*g + 2*x, 7*g = 9*g + 4*x - 248. What is the tens digit of g?
1
Let m(g) = -7*g - 1. Let t be m(1). Let p = 11 + t. What is the units digit of p?
3
Let r(b) = 72*b**3 + 2*b**2 - 1. Let a be r(1). Let o = -48 + a. What is the units digit of o?
5
Suppose -g + i - 17 = 0, i + 20 = -g + 1. Let r(t) = -3*t - 21. What is the units digit of r(g)?
3
Suppose 5*h + 3*c - 562 = 76, -h + 2*c + 125 = 0. What is the hundreds digit of h?
1
Suppose 536 + 915 = 4*c + y, -y + 1088 = 3*c. What is the units digit of c?
3
Suppose p = -4*p + 20. Let k = -7 + 12. Suppose k*a + p = 9. What is the units digit of a?
1
What is the tens digit of (-2)/(-13) + 6985/143?
4
Let j be 1*22 - (2 - -1). Let h = -6 + j. What is the units digit of h?
3
Let z be 4/(-22) - (-192)/(-33). Let v = z - -8. What is the units digit of 1/((-15)/9 + v)?
3
Suppose 2*c - 4*c + 15 = -y, 0 = 5*c + 2*y - 24. Let d = c + 0. Suppose -d = -h + 2*g - 3, 2*h = -4*g + 22. What is the units digit of h?
7
Let a = 34 + -24. What is the units digit of a?
0
Let q(y) = y**3 - 4*y + 2*y - 2 + 3*y + 0*y. Let d(n) = -n - 1. Let j be d(-3). What is the units digit of q(j)?
8
Let p = 135 + -96. Suppose -p = 3*u - 6*u. What is the tens digit of u?
1
Let l be (4/(-6))/(3/9). Let p(u) = u**2 + 1. Let w(i) = -3*i + 2. Let c(a) = 2*p(a) - w(a). What is the units digit of c(l)?
2
Suppose 2*u - j = 5*u - 5, -7 = -5*u - 2*j. Let x be ((-1)/1)/(1/2). What is the tens digit of (x - -2) + u + 7?
1
Let v(k) = 12*k**2 + 3*k + 9. What is the hundreds digit of v(4)?
2
Let h(j) = -2 + 2 + 20*j. Let t be h(1). Let a = t - 7. What is the tens digit of a?
1
Suppose -5*m - 50 = -160. What is the tens digit of m?
2
Let v = -15 + 21. What is the units digit of v/5*(-20)/(-3)?
8
Suppose -3*f + 78 = 24. Suppose -21*a + f*a = -15. What is the units digit of a?
5
Let n(u) = -u**3 + 2*u**2 + 7*u - 1. What is the units digit of n(3)?
1
Let v = 288 - 198. What is the tens digit of v?
9
Let h be -3 - (-7)/((-21)/(-54)). Suppose -3*a + h = 0, -2*a + 4*a = -f + 25. What is the units digit of f?
5
Suppose -45 = -i - 16. What is the units digit of i?
9
Let j be (-232)/(-20) - 3/5. Let b(u) = -u**2 + 14*u + 11. What is the tens digit of b(j)?
4
Suppose 5*q - 5*t - 960 = -7*t, -q + t = -199. What is the hundreds digit of q?
1
Suppose -h - 22 = -2*h. Suppose -d - d = -h. What is the units digit of d?
1
Let n(g) = -g**2 + 3*g - 7. Let h be n(6). Let a = -12 - h. What is the tens digit of a?
1
Let i(z) = -4*z**3 - 2*z**2 - 2*z. Let y be i(-2). Let b = y - 3. What is the tens digit of b?
2
Let o be (2 - 1) + (7 - 3). Suppose 3*v - 4*w = 1 - 0, -o*v - 3*w + 50 = 0. What is the units digit of v?
7
Suppose 4*c = -3*m + 187, -c - 5*m + 28 + 6 = 0. What is the units digit of c?
9
Let g be ((-3)/(-2))/((-1)/2). Let b(r) = r**3 - 9*r + 3*r + 4*r**2 + 8*r + 2. What is the units digit of b(g)?
5
Let d(v) = 2*v**3 - 12*v**2 + 18*v + 6. What is the units digit of d(6)?
4
Suppose -2*s = 4, 2*n - 2 = -n - 5*s. Suppose -4*w + 3*g = -w - 87, -3*w - n*g = -94. What is the units digit of w?
0
Let g = -15 - -19. What is the units digit of g?
4
What is the tens digit of (-44)/12 + 3 - (-141)/9?
1
Let v(a) = -a**2 - 20*a - 33. What is the tens digit of v(-12)?
6
Suppose 4*y + 2*m = 3*m - 1884, -4*y - 1884 = 2*m. What is the tens digit of y/(-11) + (-8)/(-44)?
4
Let g(h) = 3*h**2 - 3*h + 6. Let z be g(4). What is the tens digit of 188/7 - (-6)/z?
2
Suppose -4*i = -i - 24. What is the units digit of i?
8
Suppose 0*l - 4*l = -4*r - 288, -3*r = l - 68. What is the units digit of l?
1
Let c(f) = f**3 + f**2 + f + 20. Let z(j) = -j - 4. Let w be z(-4). What is the units digit of c(w)?
0
Let c be (-31)/(-3) + 2/(-6). Suppose -2*s = -4*s + c. What is the units digit of s?
5
Suppose j = -4*j + 195. What is the tens digit of j?
3
Let s(u) = -u - 10. Let z = -4 - 6. Let q be s(z). Suppose 3*d - 8 = 1, k + 2*d - 8 = q. What is the units digit of k?
2
Let x(f) = 9*f**2 - 6*f. What is the tens digit of x(2)?
2
Let j(z) = -z**3 - 6*z**2 + z - 2. Let i be j(-6). Let f(r) = r + 14. What is the units digit of f(i)?
6
Suppose -k - 18 = -y - 2*y, -2*y = -5*k - 129. Let a = k + 40. What is the tens digit of a?
1
Let h = -68 + 105. What is the units digit of h?
7
Let a(i) = -i**3 - 2*i**2 + 3*i - 4. Let m be a(-4). Suppose -l = l - m. What is the units digit of l?
8
Let b be 2 - (-3 - -5) - -34. Let d = b + -21. What is the units digit of d?
3
Let u be 3/18 + 33/18. Let w be (1/u)/((-4)/(-16)). Suppose -w*v + 5*v - 18 = 0. What is the units digit of v?
6
Suppose 1856 = 15*l + 206. What is the units digit of l?
0
Suppose 0 = -h + 2*s + 18, 4*h + s - 4 = 32. Let j(k) = k**2 - 9*k - 6. What is the units digit of j(h)?
4
Let g(j) = -6*j - 1 + 2*j + 14*j. What is the tens digit of g(3)?
2
Suppose 2*d - 1 - 35 = 0. Suppose -3*h - g = -d, -2 = h - 3*g + 2. Suppose 0 = h*x + 7 - 62. What is the units digit of x?
1
Let s(y) = -16*y - 63. What is the tens digit of s(-17)?
0
Let w(l) = l**3 - 5*l**2 - 4*l - 4. Let v be 5 - 2 - (0 - 0). Suppose 10 = -v*k + 28. What is the units digit of w(k)?
8
Suppose -o - 13 = -4*u, -3*o = 3*u - 0*u - 21. What is the units digit of o?
3
Suppose 2*a - a = 0. Suppose 2*w - 2*s - 16 = a, 3*w = 6*w + 2*s - 9. Suppose -b = 4*c - 18, -b + 26 = w*c + 2*b. What is the units digit of c?
4
Let z(q) = -q**3 - 11*q**2 + 15*q - 13. What is the units digit of z(-13)?
0
Let r be (-784)/40 - (-4)/(-10). Let l = r - -29. What is the units digit of l?
9
Suppose 0 = 15*v - 3190 - 1715. What is the units digit of v?
7
Let i be (-5)/30 - 43/(-6). What is the units digit of 2/i + 1005/35?
9
Let i be (-1 + 1)*(-2)/4. Let c be 37 + -2 + (i - -3). Suppose 22 = 5*l - c. What is the units digit of l?
2
Suppose 0 = -3*l - 4*i - 16, -5 = l - 3*i + 4*i. Let m be l/(-6) - 14/(-6). Let y = m + -2. What is the units digit of y?
1
Suppose v = -4*j + 5*j - 99, 5*v = 0. Suppose 3*h = -4*u + u - 69, j = -3*h + 3*u. What is the units digit of h/(-12) - 2/6?
2
Suppose -3*n + 9 + 0 = 0. Let k(a) = a + a**n - 2*a + 0*a. What is the units digit of k(2)?
6
Suppose h + 5*x - 101 = -h, 3 = -3*x. What is the tens digit of h?
5
Suppose -5 = -3*o - 23. Let i = 41 + o. What is the units digit of i?
5
Let t = 12 - 7. Suppose -d - d - x + 10 = 0, -2*x + t = -d. What is the units digit of d?
3
Suppose 0 = 5*a - 2*d + 527, 3*a + 2*d + 329 = -0*a. Let u be a/(-4) - 4/(-16). Suppose 4*j - u = 1. What is the units digit of j?
7
What is the units digit of (21/5 + -5)/(1/(-10))?
8
Let b(c) = -7*c - 1. Let o be b(-1). Suppose -2 = -2*l + o. What is the units digit of l?
4
Suppose -5 = -5*c + 3*w + 2*w, -c - 2*w = -4.